s of (1 - a) + 0 + 3?
17
Let l = 0 - -3. Let b(m) = -2*m**3 + 2*m**2 + m. Let k be b(-1). Suppose 2*x = k*x - 5*g - 19, 0 = -l*x - 3*g + 39. List the prime factors of x.
2, 7
Suppose -q - 4*b + 219 = -0*b, b + 670 = 3*q. List the prime factors of q.
223
Let b(w) = -w**2 - 18*w - 11. Let g be b(-8). Let c = -48 + g. List the prime factors of c.
3, 7
Suppose 0 = 3*l - 9, 0 = -g + 5*g - 3*l + 205. Let y = g - -76. What are the prime factors of y?
3
Let t = 596 + -269. List the prime factors of t.
3, 109
Let h(w) = -10*w**2 + 8*w - 2. Let j be h(3). What are the prime factors of 4/(-10)*(j + -2)?
2, 7
Suppose -3*z = -114 + 30. List the prime factors of z.
2, 7
Suppose 2*s = 4*s. Suppose s = 2*k - 12 - 54. List the prime factors of k.
3, 11
Let a(g) = 62*g + 9. List the prime factors of a(5).
11, 29
Suppose t - 14 = -0*t + 3*n, t + 3*n = 20. Suppose 0*v + 15 = -5*v, 0 = p - 2*v - t. What are the prime factors of p - (0 - 0 - -2)?
3
Suppose 156 + 74 = 2*h. List the prime factors of h.
5, 23
What are the prime factors of ((-35)/2)/((-12)/24)?
5, 7
Let w(z) = -5*z - 16. List the prime factors of w(-16).
2
Suppose -4*o - 87 = 1. Let w(f) = -4*f**3 + 2*f**2 + f + 1. Let d be w(-2). Let m = o + d. What are the prime factors of m?
17
Let l(t) = t**2 + t - 31. Let u be l(0). Let y = u - -18. Let j = -1 - y. What are the prime factors of j?
2, 3
Let u = -13 + 9. List the prime factors of -3*(u/4)/1.
3
Let o(f) = -15*f + 30. List the prime factors of o(-8).
2, 3, 5
Let c(r) = -r**3 - 8*r**2 - 2*r + 9. List the prime factors of c(-8).
5
Suppose 3*z = 5*z + 84. What are the prime factors of (-600)/z - (-4)/(-14)?
2, 7
Let a = -19 - -39. What are the prime factors of a?
2, 5
Let i(a) = -a**2 + 5*a + 5. Let m be i(5). Suppose -2*w = -m*w. Suppose 4*p + 33 - 93 = w. List the prime factors of p.
3, 5
Let b(y) be the first derivative of y**4/4 + 3*y**3 - 7*y**2 - 7*y - 4. What are the prime factors of b(-10)?
3, 11
Let n(f) = 3*f**3 - f. Let h be n(1). Suppose -4*z = h*g + 6, z + 5*g + 15 = 5*z. Let w = 2 + z. What are the prime factors of w?
2
List the prime factors of ((-1548)/(-8))/3*(5 - 3).
3, 43
Let r(b) = -b**3 - b**2 + 7*b + 8. Let n(q) = 2*q + 2. Let u be n(-3). List the prime factors of r(u).
2, 7
Let s = -5 - -191. List the prime factors of s.
2, 3, 31
Let v(p) = 2*p + 41*p**2 - 4*p + 5 + 19*p**2 - 4. Let w be v(1). Let t = -41 + w. What are the prime factors of t?
2, 3
Let g = 1 + -5. Let q = g + 4. Suppose 2*m - 3*m + 12 = q. What are the prime factors of m?
2, 3
Let t = -68 + 32. Let f = -16 - t. Suppose 2*m = -2*z + f, 2*z - 35 = -4*m - m. List the prime factors of z.
5
Let q be (-1 - -1*2)*5. Suppose 8*u - 4*u - 3*i - 33 = 0, 4*u + q*i = 9. Let j = 0 + u. List the prime factors of j.
2, 3
Let f be 20/(-6)*240/(-25). Let b(r) = 3*r**2 - 6*r + 6. Let n be b(5). Let l = n - f. List the prime factors of l.
19
Suppose -c = c - 272. List the prime factors of c.
2, 17
Let p = -65 - -105. Suppose 5*s - 37 = -0*z - 4*z, -4*z - 4*s = -p. List the prime factors of z.
13
Suppose 4*k = 10*k - 222. What are the prime factors of k?
37
Suppose 0 = 3*z - 5 + 2. List the prime factors of z/(-2)*-34 - 2.
3, 5
Let d(a) = -a**3 - 4*a**2 - 4*a + 1. List the prime factors of d(-4).
17
Let d(j) = -j**3 - 3*j**2 - 4*j - 2. Let n be d(-2). Suppose n*c + 2*c - 56 = 0. List the prime factors of c.
2, 7
Let a(d) = -d**3 - 10*d**2 - d - 7. Let w be a(-10). Suppose j - 2 = w*j. What are the prime factors of 1*4*(3 + j)?
2
Let z(c) = -c**2 + 3*c + 2 - 2*c + 2*c**3 - 3*c**2. Let r(f) = -f**3 - 4*f**2 - f - 2. Let k be r(-4). List the prime factors of z(k).
2
Let z(i) be the third derivative of i**5/15 - i**4/24 + i**3/6 + 2*i**2. List the prime factors of z(-2).
19
Let d be (-1 - 1)/(-2) + -22. Let a = d - -35. What are the prime factors of a?
2, 7
Let t(h) = -h**3 - h**2 - 2*h - 3. Let n be t(-2). Suppose 0*d = n*d + 35. What are the prime factors of (d/(-3) + 1)*3?
2, 5
What are the prime factors of ((-13095)/10)/9*4/(-6)?
97
Let z(w) = w**2 - 11*w - 58. List the prime factors of z(18).
2, 17
Suppose -2*r = -0*r - 120. Suppose -3*m = m - r. What are the prime factors of m?
3, 5
Let x(y) = -5*y**3 + 2*y + 1. Let f be x(-1). What are the prime factors of -1 + 0 - -1*f?
3
What are the prime factors of 3/(45/40)*33?
2, 11
Let q(f) = -f**2 + f + 3. Let l be q(2). Let j(o) = 56*o**2 + 2*o - 2. List the prime factors of j(l).
2, 7
Let r(l) = -10*l. What are the prime factors of r(-5)?
2, 5
List the prime factors of 122/5 - (3 - 26/10).
2, 3
Let i(s) = 5*s**2 + 8*s - 1. Let x(k) = k**2 + 1 - 7*k - 6*k**2 + k**2. Let m(j) = 3*i(j) + 4*x(j). What are the prime factors of m(-2)?
5
Let u = -12 + 48. List the prime factors of u.
2, 3
Let j(v) = v**2 - 6. Let r be j(-7). Let p = 82 - r. List the prime factors of p.
3, 13
Let b = -67 + 94. Let d be (-16)/(-3)*b/(-12). What are the prime factors of (d/2)/(2 - 3)?
2, 3
Let g = 1 - -3. Suppose 2*b = -2*i + 46, -5*b + 78 - 8 = -g*i. Suppose -2*o = -b - 0. What are the prime factors of o?
3
Let x(h) be the first derivative of 23*h**4/4 + h**3/3 + 2. Let f be x(1). What are the prime factors of f/2 + 0/3?
2, 3
Let h be (-7 - -5)/(2/(-3)). Suppose 2*s = -h*s + 25. What are the prime factors of (2/(-4))/(s/(-100))?
2, 5
Suppose -5*p + 25 = 4*j + j, -4*p = -j. Suppose 25 = -2*o - 3*o, 0 = -3*g - 2*o - p. What are the prime factors of g?
3
Let x(q) = -q**3 + 6*q**2. Let d be x(6). Suppose d*b = -5*b + 10. What are the prime factors of b?
2
Let j be 1/3*(-3 - 0). Let f = 4 + j. What are the prime factors of (f - 1)/(3/9)?
2, 3
Let y = 31 + -8. List the prime factors of y.
23
Suppose 3*c - 2*z - 2*z - 89 = 0, 5*c = -5*z + 125. What are the prime factors of c?
3
What are the prime factors of 107 + (-24)/9 + (-1)/3?
2, 13
Suppose 29 = 2*y - 7. What are the prime factors of ((-1)/(-3))/(3/y)?
2
Let f = 14 - -55. What are the prime factors of f?
3, 23
Let a(h) = -10*h + 1. Let n(f) = -f**3 + 4*f**2 - 2*f - 4. Let d be n(3). List the prime factors of a(d).
11
Suppose 9 = 4*k + 5*o, -3 - 5 = -5*k - 3*o. Suppose 17 = c - 3*d, -6*c + 2*c = -3*d - 50. What are the prime factors of c/(-1 + 2/k)?
11
Suppose -5*s + a + 807 = 0, 0*s + a - 489 = -3*s. What are the prime factors of s?
2, 3
Let l(r) = -r**3 + 6*r**2 + 8*r + 7. Let s(f) = -f**3 - f**2 - f. Let g(m) = l(m) - 2*s(m). What are the prime factors of g(-6)?
19
Let s(y) = 28*y**3 - 2*y + 2. Let j = 5 + -4. What are the prime factors of s(j)?
2, 7
Suppose 0 = -w + 2 - 5. Let z = w + 4. List the prime factors of 0 + (z - -14 - 0).
3, 5
Suppose 7*u - 4*u = -33. Let v = 14 + -20. Let j = v - u. List the prime factors of j.
5
Let r be (-130)/6 - (-8)/(-6). What are the prime factors of 1 - 8/(-4) - r?
2, 13
Suppose 0 = 4*y - 5*b + 4, y - 2*b = 5*y - 24. Suppose 2*k = -5*h + y, k - 3 = -2*h - 1. List the prime factors of ((-4)/3)/(k/(-3)).
2
List the prime factors of 858/27 + (-2)/(-9).
2
Suppose 4*w - 2*w = -3*x + 19, -3*x - 4*w + 23 = 0. Suppose -4*m + 113 = -5*y, -111 = m - 4*m - x*y. What are the prime factors of m?
2
Let m(x) = 0*x - 2*x + x. Let w be m(1). Let t = w + 7. List the prime factors of t.
2, 3
What are the prime factors of (-1855)/(-21) - (-1)/(-3)?
2, 11
Suppose r - 2 = 2. Suppose r*z = -z + 120. What are the prime factors of z?
2, 3
Let u be (-12)/(-20) - 13/5. Let r(t) = -7*t - 4. List the prime factors of r(u).
2, 5
Let s = 3 - 3. Suppose s = -5*v - 1 + 36. Suppose -2*k + v*k = 30. What are the prime factors of k?
2, 3
Let c = 123 - -18. List the prime factors of c.
3, 47
Suppose -4*f + 2*f + 104 = 0. List the prime factors of f.
2, 13
Let l(o) = o**2 - 47. List the prime factors of l(-10).
53
Suppose -h + 107 = k, -5*k + 2*h + 40 + 502 = 0. What are the prime factors of k?
2, 3
Let z = 2 + -2. Suppose -6*g = 4*i - g - 17, z = -i + 2*g + 1. What are the prime factors of i?
3
Let a be (-6)/(-5)*25*1. Let g = a - 21. What are the prime factors of g?
3
Let h(q) = 3*q**3 - 15*q**2 - q - 5. Let o(i) = -i**3 + 5*i**2 + 2. Let s(w) = -4*h(w) - 11*o(w). List the prime factors of s(5).
2, 3
Suppose -3*x = -39 - 9. List the prime factors of x.
2
Let d be (-4)/(-22) - (-42)/11. Suppose 0 = 2*i - d*i. Let k = i + 3. What are the prime factors of k?
3
List the prime factors of 14/(-2)*(-4 - 6).
2, 5, 7
Sup